mainder when r is divided by v?
9
Suppose -75 + 1506 = 27*b. Calculate the remainder when b is divided by 41.
12
Suppose 70*k = -22*k + 644. Let t = -1 + 4. Calculate the remainder when -1*t*-1*11 is divided by k.
5
Let o(m) be the third derivative of m**6/120 - m**5/12 - 5*m**4/24 + 10*m**3/3 - 12*m**2. What is the remainder when o(6) is divided by 9?
8
Let o = -24 + 26. Suppose 3*x = 17 - o. Suppose i = -x*s + 4 + 30, -4*i - s = -41. What is the remainder when 16 is divided by i?
7
What is the remainder when 139 is divided by 5 - ((-300)/96 + 1/8)?
3
Suppose q + 5*t - 3 = 22, -4*q = 3*t - 15. Suppose 0 = -3*c - 9, -3*p - 5*c + q = 24. What is the remainder when ((-108)/(-16))/(p/(-12)) is divided by 14?
13
Let p(s) = -15*s. Suppose -2*h = -z - 561, h + 4*h = -z + 1420. Let n = h + -226. Calculate the remainder when n is divided by p(-1).
12
Let d(u) = 7*u + 1. Let m be d(1). Let l = m - -23. What is the remainder when 61 is divided by l?
30
Let c(f) = -f + 1. Let n be c(8). Let z = n + 15. Let s(u) = -5*u - 25. What is the remainder when s(-8) is divided by z?
7
Suppose -2*x + 125 = 75. What is the remainder when 423 is divided by x?
23
Suppose -275*f + 232 = -273*f. What is the remainder when f is divided by 49?
18
Let f(p) = 7*p + 2. Suppose 40 + 20 = 5*v. Calculate the remainder when f(13) is divided by v.
9
Let w be 1/(0 - (-3 + 2)). Let v(h) = -h**3 - 7*h**2 - 5*h + 8. Calculate the remainder when 2/(w/(-5)*-2) is divided by v(-6).
1
Suppose -72*n + 36*n + 2124 = 0. What is the remainder when 206 is divided by n?
29
Suppose -5*a - 4*o + 216 = 37, a - o - 43 = 0. What is the remainder when 70 is divided by a?
31
Suppose -659 - 2953 = -6*m. Calculate the remainder when m is divided by 32.
26
Let s be (-5 - (-12)/3) + 10. Let o = 32 - s. Suppose u + 40 = 6*u. Calculate the remainder when o is divided by u.
7
Suppose 17 = f - 4*n, 0 = -3*f - 5*n + 14 + 20. Suppose 1 - 31 = -5*z. What is the remainder when f is divided by z?
1
Suppose -3*m + 87 = -2*w, 0*m = -m + 2*w + 33. Let i(k) = k + 3 - 3*k - k. Calculate the remainder when m is divided by i(-4).
12
Let j(a) = 3*a**2 - a - 6. What is the remainder when (-2)/3 - 35/(-3) is divided by j(2)?
3
Suppose -3*v - 473 = 4*u, -v - 164 = -3*u - 2*u. What is the remainder when 4/(2 - 3) - v is divided by 39?
38
Suppose 8*r = 12*r - 200. Let l = r - 35. What is the remainder when l is divided by 8?
7
Let h = -750 - -765. What is the remainder when 299 is divided by h?
14
Let c(p) = p**3 - 2*p**2 - 3*p + 3. Let a be c(4). Let h = -4 + a. Calculate the remainder when h is divided by 10.
9
Let v = 441 - -238. Calculate the remainder when v is divided by 13.
3
Let v(y) = y**2 + 9*y + 2. Let j(c) = -c**3 - 7*c**2 - 3*c + 8. Let w be j(-6). Calculate the remainder when 34 is divided by v(w).
10
Let z(n) = n**3 - 18*n**2 - 6*n + 6. Let f be z(18). Let m = f - -253. What is the remainder when m is divided by 31?
27
Suppose 193 = 2*g + 9*t - 14*t, -t + 175 = 2*g. Calculate the remainder when 173 is divided by g.
84
Let c = 933 + -925. Calculate the remainder when 229 is divided by c.
5
Let h = 259 + -246. Calculate the remainder when h is divided by 11.
2
Let u be (6/(-2) - -3) + -26. Let z = -15 - u. What is the remainder when 73 is divided by z?
7
Let c(v) = -v**3 - 14*v**2 + 3*v - 26. Calculate the remainder when c(-15) is divided by 56.
42
Let d = -31 + 77. Suppose 0 = -11*k + 57 + 75. What is the remainder when d is divided by k?
10
Let k(v) = -52*v - 33. Calculate the remainder when k(-15) is divided by 11.
10
Suppose -10*b + 1443 = -307. Calculate the remainder when b is divided by 20.
15
Let x = -8 + 13. Let l = -4 - -15. Let q = l + 3. Calculate the remainder when q is divided by x.
4
Suppose 3*x + 3 = 0, -2*j - 4*x = 2*j - 36. Calculate the remainder when 154/j - (-1)/((-10)/(-6)) is divided by 5.
1
Let u(j) = -j**3 - 15*j**2 + 33*j - 11. Suppose 0 = -2*x - 0*c + 4*c - 38, -2*x - 36 = -2*c. Calculate the remainder when 29 is divided by u(x).
5
Let f(m) = 3*m**2 + 13*m + 40. Let k = 44 + -18. What is the remainder when f(-5) is divided by k?
24
Calculate the remainder when 415 is divided by 18*(-8 - 93/(-9)).
37
Let o = -19 - -27. Let f(s) = -s**3 + 13*s + 10. Calculate the remainder when f(-4) is divided by o.
6
Let h = -4 + 6. Suppose 4*f = h*f + 6. What is the remainder when -33*1/(-6 - -3) is divided by f?
2
Let y = 501 - 482. What is the remainder when y is divided by 12?
7
Suppose -12*r + 15 = -7*r. Suppose -r*p - 2*p + 11 = -2*b, b + 4 = 2*p. Suppose k + 4 = p*k. Calculate the remainder when 2 is divided by k.
0
Let z = 215 + -128. Let a(s) = 5*s**2 - s + 3. Let u be a(3). Let c = u - 23. What is the remainder when z is divided by c?
21
Suppose -12*r - 470 = -7*r. Let i = -37 - r. Suppose 0*u + 5*u = 2*x - 38, -2*u = -3*x + i. What is the remainder when 36 is divided by x?
17
Calculate the remainder when 139 is divided by (-2900)/(-66) + (-146)/(-2409).
7
Suppose 1013 + 466 = 29*b. Let k(a) = -6*a - 4. What is the remainder when b is divided by k(-5)?
25
Let s(n) = -4*n + 3. Let u be s(6). Let r = u - -45. Let a = r - 17. Calculate the remainder when 27 is divided by a.
6
What is the remainder when 332/(-6)*6*2/(-8) is divided by 21?
20
Let b be (-3 + 508)*8/10. Suppose -7*r - b = -3*r. Calculate the remainder when 1/((-4)/(r + 1)) is divided by 14.
11
Let o(v) = -v**3 + 9*v**2 - 9*v + 12. Let n be o(8). Suppose k + 4*d = -k + 102, k = -n*d + 41. Calculate the remainder when k is divided by 2 - 5/(15/(-42)).
13
Let x(s) = -3*s + 19. Let b be x(7). Let m(z) = 15*z**2 + 3*z + 1. Suppose 28 = y - 3*a, -4*a = 4*y - 6*a - 82. What is the remainder when m(b) is divided by y?
17
Suppose -5*l + 5*i - 3*i - 180 = 0, 5*l = -4*i - 150. Let n = -20 - l. Calculate the remainder when 96 is divided by n.
12
Let h = -1440 - -1559. What is the remainder when 227 is divided by h?
108
Let b = -2924 - -3401. Calculate the remainder when b is divided by 237.
3
Let q be 2 + (0 - -4)/2 + 1. Suppose 29 = 2*c + q*a + 3, 2*c - 34 = -3*a. Calculate the remainder when c is divided by 8.
7
Let g(h) = -h**3 - 6*h**2 - 3. Let k be g(-6). Calculate the remainder when 3 - (-71 - k - -2) is divided by 14.
13
Let g = 18 - 18. Suppose g*h - 6*h + 36 = 0. Let k = 16 + -7. Calculate the remainder when k is divided by h.
3
Let t be 214*-1 + (-2)/(-1) + -4. Calculate the remainder when 2/(4 + 858/t) is divided by 31.
10
Let j(x) = 3 - 4 + 9*x**2 + 4 + 2*x**3. Let z(b) = b**3 + b - 1. Let n(y) = j(y) - z(y). Calculate the remainder when 36 is divided by n(-9).
10
Let m be ((-14)/4)/(1/(-108)). Suppose -626 = -6*t + 3*t + 4*j, -4*t = 3*j - 868. Suppose -4*s + m + t = 0. Calculate the remainder when s is divided by 38.
34
Suppose -169 - 47 = -3*s. What is the remainder when s is divided by 15?
12
Suppose 5*y = 10, -7*k - y = -3*k - 82. Let t(n) = 38*n**2 + n + 1. What is the remainder when t(-1) is divided by k?
18
Let o(z) = -z**3 - 4*z**2 + 2*z + 1 + z - 7*z. Suppose -r - 3366 = 2*k - 3505, 5*k = -2*r + 345. Calculate the remainder when k is divided by o(-4).
16
Let h(d) = -d + 3. Calculate the remainder when (-10 + -17)*2/(-6) is divided by h(-1).
1
Suppose -2*g + 12 = g. Suppose 32 + g = 6*x. What is the remainder when 16 is divided by x?
4
Suppose 6*f - 4*f - 36 = 0. Let t = -22358 + 22371. Calculate the remainder when f is divided by t.
5
Suppose 4*w + 0*w = 8. Calculate the remainder when ((-23)/(-4) - w)*32/3 is divided by 21.
19
Suppose -131 = -13*k + 506. Suppose 4*u + 7*x = 3*x - 12, x + 9 = 5*u. Suppose -69 = -4*w - u. Calculate the remainder when k is divided by w.
15
Let d be 5*(-1568)/(-24)*3/10. Let c = -68 + d. What is the remainder when c is divided by 8?
6
Let f = 74 + -32. Suppose -10*z = -9*z - f. What is the remainder when z is divided by 15?
12
Let f = 26 + -14. Let w(g) = -g**2 - 21*g + 5. Let k be w(-13). Suppose 3*h = -2*n + 137, -2*h + k = 5*n + 14. Calculate the remainder when h is divided by f.
9
Suppose -2*c + y = -22 - 47, 0 = -2*c + 3*y + 67. What is the remainder when c is divided by 20?
15
Calculate the remainder when 317 is divided by 58/(-3)*(-183)/122.
27
Let s(v) = -v**3 - 10*v**2 - 11*v - 8. Let q be s(-9). Let k = -18 - -23. Suppose -h + q = k. Calculate the remainder when 12 is divided by 